*l - 3*m = 0. Calculate the remainder when 13 is divided by l.
1
Let g(a) = -7*a. Let l(r) = 4*r. Let p(b) = -3*g(b) - 7*l(b). Calculate the remainder when 81 is divided by p(-3).
18
Let u be (2/4)/(2/(-4)). Let k(f) = -3*f**3 - 2*f**2 - 5*f**3 - f**3 + 2*f - 3*f. Calculate the remainder when k(u) is divided by 5.
3
Let d = -28 - -39. Let h = 45 - 13. Calculate the remainder when h is divided by d.
10
Let u = -19 - -43. Calculate the remainder when 37 is divided by (u/16)/((-3)/(-20)).
7
Suppose -135 = 74*l - 79*l. Calculate the remainder when l is divided by 3.
0
Let p = 14 + 1. Calculate the remainder when p is divided by 8.
7
Let f(a) = 10*a**2 - 1 + 4*a + 2 - a**3 - a**2 - 4*a**2. Suppose i + 0*i + 48 = 4*k, 5*k - 71 = 4*i. What is the remainder when f(5) is divided by k?
10
Calculate the remainder when 9 - -26 - (-2 - -5) is divided by (-33)/(-3)*(-1)/(-1).
10
Let b = 6 - 4. Let z = b + 0. Suppose z*k + d - 24 = 2*d, k - 2 = -2*d. Calculate the remainder when k is divided by 3.
1
Let b = 69 - 36. What is the remainder when b is divided by 18?
15
Let z(n) = n**3 - 7*n**2 + 9. Let f be z(7). Suppose f = -5*g - 1. Calculate the remainder when ((-3)/2)/(g/44) is divided by 17.
16
Let k be (-4 + 2)/(6/(-15)). What is the remainder when 4/k*(-690)/(-12) is divided by 12?
10
What is the remainder when 498/(-9)*(-3)/2 is divided by 14?
13
Let z = -3 - -14. What is the remainder when 21 is divided by z?
10
Let z(k) = k**2 - 8*k + 17. Let j be z(6). Suppose 0*l + j*l - 20 = 0. Let h(a) = 2*a + 2. What is the remainder when h(4) is divided by l?
2
Let z be (101/2)/(1/2). Let t = 159 - z. Calculate the remainder when t is divided by 20.
18
Let j(l) = -2*l - 2. Let t be j(-2). Suppose 0*o = -2*o + t. Calculate the remainder when o is divided by 1.
0
Let z = 14 - 9. Suppose -67 = a - 6*a - 4*k, 65 = 5*a + z*k. Suppose 115 = 5*b - 5*i, -4*b + 30 + 94 = 4*i. What is the remainder when b is divided by a?
12
Let q(z) = z + 15. Let u = -11 - 3. Let w = 4 + -2. What is the remainder when w is divided by q(u)?
0
Suppose 64 = 2*a - 4*v, 0*a + a - 14 = -4*v. Calculate the remainder when a is divided by 14.
12
Let f be 1/2 - (-14)/4. Suppose -y = -3*y + f. Let v = 4 + -1. What is the remainder when v is divided by y?
1
Suppose -2*y = -8 - 18. Let s(o) = 5*o + 7. Let w be (1/(-3))/((-3)/54). Calculate the remainder when s(w) is divided by y.
11
Let j = 157 + -61. Suppose -2*i + 6*i - j = 0. What is the remainder when 93 is divided by i?
21
Let y(n) = 2*n**3 - 16*n**2 + 3*n - 6. What is the remainder when 46 is divided by y(8)?
10
Suppose x + 2*x - 147 = 0. Let r = 9 + 8. What is the remainder when x is divided by r?
15
Let u(y) = 4*y**2 + 4 + 10*y**3 + 3*y**2 - 11*y**3. What is the remainder when 15 is divided by u(7)?
3
Let s = 55 + -35. Let p = -7 + 45. What is the remainder when p is divided by s?
18
Let s be (2/4)/(2/(-20)). Let r(i) = -5*i - 6. What is the remainder when (-178)/s + 2/5 is divided by r(-5)?
17
Suppose -113 = -4*s + 5*b + 18, -3*s = -5*b - 97. Let z = -3 + -7. What is the remainder when s is divided by 4/10 + (-116)/z?
10
Suppose 0*b - 2*b + 36 = 0. Suppose -3*s = -3*k + 188 - 32, -4*k + 208 = 2*s. Calculate the remainder when k is divided by b.
16
Let r be (-2 + -2)/2 - -40. Suppose -3*b + 6 = 0, g + g + 2*b = r. What is the remainder when 50 is divided by g?
16
Let a(r) = 28*r - 2. Let f be a(3). Let h(i) = i**2 + 3*i + 4. Let d be h(-3). Suppose f + 14 = d*j. What is the remainder when j is divided by 13?
11
Let f = -13 + 27. Calculate the remainder when 25 is divided by f.
11
Suppose 4*g + 0*g = 4*c + 164, -2*c = 3*g - 123. Let m be (-292)/(-5) - 8/20. Let z = m - g. What is the remainder when z is divided by 9?
8
Let u(f) = -7*f. Suppose 1 = x - 2*x. Let t be u(x). What is the remainder when (20/(-14))/((-1)/t) is divided by 6?
4
Suppose -4*p - 2*z = -142, -3*p + 173 = 2*p - 2*z. Suppose 4*q = -3*j + 8, 2*q - 4*j = -9 + p. What is the remainder when q is divided by (-4)/(-4*(-3)/(-6))?
1
Suppose -3*l + 3*z + 2*z = 1, -22 = -4*l - 5*z. What is the remainder when -3 - ((-166)/2 + l) is divided by 26?
25
Let x = 311 - 215. Calculate the remainder when x is divided by 33.
30
What is the remainder when (-7)/3*(-7 - -1) is divided by 8?
6
Let v(w) = -4*w - 9. Let q be v(-11). Let h = q + -21. Calculate the remainder when 40 is divided by h.
12
Suppose 5*f - 21 = -k - 3*k, 3*k - 4*f - 8 = 0. Suppose -k*n + 48 + 36 = 0. Calculate the remainder when n is divided by 11.
10
Let i = 2 - -9. What is the remainder when 54 is divided by i?
10
Let v be (0 - -2)*(-2)/4. What is the remainder when 26 is divided by ((-14)/(-6))/(v/(-3))?
5
Suppose 26 = 3*b - 7. Calculate the remainder when 30 is divided by b.
8
Suppose 5*r + 28 = j, -r = -5*j + 4*r + 120. What is the remainder when j is divided by 12?
11
Let w be (7 - -1)/2 - 2. Let j be w/5 + (-10)/25. Let t = j - -8. What is the remainder when 15 is divided by t?
7
Let j be 276/20 - (-1)/5. Suppose -j = 2*o - 2. What is the remainder when 26 is divided by (-52)/o - (-2)/6?
8
Let n(v) = v**2 + v - 2. Let l(h) = h**2 + 2*h - 2. Let b(y) = -4*l(y) + 5*n(y). What is the remainder when ((-9)/(-6))/(2 - (-53)/(-28)) is divided by b(5)?
6
Suppose -9*k = -12*k + 33. Calculate the remainder when 39 is divided by k.
6
Let u(p) = p + 8. Let i be u(-5). Suppose 5*q + 23 = i. Let d(l) = -l**3 - 4*l**2 + 2. What is the remainder when 2 is divided by d(q)?
0
Let o(b) = -b + 15. Calculate the remainder when 2 - 0 - (-1 + -11) is divided by o(10).
4
Suppose -2*b + 5*b - 33 = 0. Suppose z + 4 - b = 0. What is the remainder when 11 is divided by z?
4
Let q = -5 - -10. Calculate the remainder when (-1)/4*6*-12 is divided by q.
3
Suppose -3*y - 540 = -7*y. Calculate the remainder when y is divided by 34.
33
Let y(g) = g + 3. Calculate the remainder when 17 is divided by y(7).
7
Suppose 3*x + 11 = k + 4*k, -k - x = -7. Calculate the remainder when 39*(5/(-3) - -2) is divided by k.
1
Suppose 0 = 13*v - 228 + 59. What is the remainder when 47 is divided by v?
8
Suppose 3*k - k - 2 = 0. What is the remainder when 14 is divided by -3 - (k + (-36)/3)?
6
Let i(l) = -l**3 - 7*l**2 - 5*l. Let q be i(-6). Let b(m) = -m**2 + 2*m + 5. Let v be b(q). Let k = v - -60. Calculate the remainder when 33 is divided by k.
16
Let n = 49 - 34. Suppose -10 = -2*l - 5*x + 24, -3*l + 5*x = -101. Calculate the remainder when l is divided by n.
12
Suppose -3*p = 9 - 12. Suppose -2*y + 10 = -3*l, 0 = -2*y - l + 3*l + 12. Calculate the remainder when y is divided by ((-21)/28)/(p/(-4)).
2
Suppose 3 = i - 4*n + 20, -43 = 3*i - 4*n. Let m = -6 - i. What is the remainder when m is divided by 2?
1
Let b be 24/(16/(-6) - -2). What is the remainder when ((-2)/6)/(4/b) is divided by 0/(8/(-2)) + 2?
1
Let y(h) = -h**2 + 5*h - 2. Calculate the remainder when 100/16 - 9/(-12) is divided by y(3).
3
Suppose -3*j = -4*j + 25. Calculate the remainder when j is divided by 14.
11
Let u(w) = 1 - 9*w + 42*w + 1. Let p be u(4). Suppose 81 = 5*v - 3*y - p, 0 = -2*y. Calculate the remainder when v is divided by 15.
13
Let z(n) = n**3 + 7*n**2 + 6*n + 8. Calculate the remainder when 15 is divided by z(-6).
7
Suppose 0 = 2*z - 3*b - 58, -b - 31 = -z - 0*b. What is the remainder when 133 is divided by z?
28
Let c(l) = -l + 3. Suppose 3*q - 24 = -4*b - q, 75 = 5*b - 4*q. Let t be c(b). What is the remainder when (-2)/(1/t*2) is divided by 5?
3
Let m = 135 - 96. Suppose 2*o = o + m. What is the remainder when o is divided by 10?
9
Let d = -40 - -217. What is the remainder when d is divided by 18?
15
Let z = -28 - -53. What is the remainder when 94 is divided by z?
19
Suppose -4*h + 35 = h. Suppose 2 - h = -5*b. What is the remainder when 14 is divided by 6 - b*(-1 + -1)?
6
Suppose 0 = -2*h - 3 + 1, -2*h = -5*i + 27. Suppose 5*w = -l + 76, -5*l - 92 = -i*w - 2*l. Calculate the remainder when w is divided by 9.
7
Let i(x) = 5*x - 12. Calculate the remainder when 39 is divided by i(4).
7
Let s = 8 + 4. Calculate the remainder when 34 is divided by s.
10
Let h(s) = 5*s + 16. Calculate the remainder when h(12) is divided by 26.
24
Suppose -o - 3*l + 11 = -0*o, -l = -4*o + 18. Suppose 2*g - 18 = -4*x + 20, 0 = o*g + 2*x - 87. What is the remainder when g is divided by 9?
8
Suppose